or of 1160 and 744577755?
145
What is the highest common factor of 45580 and 70885380?
1060
Calculate the greatest common divisor of 4863370 and 17110.
590
Calculate the greatest common factor of 407366265 and 1185.
1185
What is the highest common factor of 4126 and 149097136?
4126
What is the greatest common divisor of 3699038 and 79402?
2738
What is the highest common divisor of 461685 and 3171?
21
Calculate the greatest common divisor of 1433418 and 1722.
42
Calculate the highest common factor of 90 and 29059620.
30
Calculate the highest common divisor of 235244 and 8.
4
What is the greatest common divisor of 77271 and 109?
1
Calculate the highest common factor of 380181 and 1058647.
353
Calculate the greatest common divisor of 2660 and 15671390.
1330
What is the highest common factor of 18 and 119516424?
6
What is the greatest common divisor of 417618681 and 4971?
4971
Calculate the greatest common factor of 364 and 3966886.
14
What is the highest common factor of 189888894 and 221?
13
Calculate the greatest common factor of 946 and 315471607.
473
What is the greatest common factor of 490 and 23964710?
70
Calculate the greatest common divisor of 6 and 9814026.
6
Calculate the highest common factor of 76203 and 504.
9
What is the highest common divisor of 765177531 and 102?
51
What is the highest common factor of 142345 and 4627665?
2905
What is the highest common divisor of 1 and 1342409?
1
What is the greatest common divisor of 291504540 and 15?
15
Calculate the highest common factor of 24757 and 2223.
19
Calculate the highest common factor of 63917880 and 1560.
1560
Calculate the highest common factor of 3808 and 104566014.
238
Calculate the greatest common factor of 485428 and 7112.
4
Calculate the highest common divisor of 6564118 and 22.
22
What is the greatest common factor of 1856 and 2286144?
64
Calculate the highest common factor of 788787230 and 220.
110
What is the highest common factor of 44169807 and 99?
33
Calculate the greatest common factor of 496 and 157212160.
496
Calculate the highest common factor of 6782213 and 386.
193
What is the greatest common factor of 100 and 42552820?
20
What is the highest common factor of 805504 and 1260?
28
What is the highest common divisor of 43531 and 1616?
101
What is the highest common divisor of 38308 and 100?
4
Calculate the highest common divisor of 28749 and 367521.
777
What is the greatest common divisor of 4735437 and 80314?
3089
What is the greatest common factor of 3757 and 4195991?
289
What is the highest common divisor of 75807 and 195472561?
8423
What is the greatest common divisor of 166451 and 108070121?
7237
Calculate the greatest common divisor of 8769 and 14518541.
2923
What is the highest common factor of 8384 and 153152?
64
Calculate the greatest common divisor of 177678 and 6174.
18
What is the greatest common factor of 1686 and 132540?
6
What is the greatest common factor of 1448 and 437304?
8
What is the highest common divisor of 76 and 8938493?
19
Calculate the highest common factor of 31450 and 5041250.
1850
Calculate the highest common factor of 1414 and 1363334.
14
What is the highest common divisor of 56241331 and 171683?
10099
Calculate the greatest common factor of 605196 and 24.
12
What is the greatest common factor of 4655 and 32010573?
931
Calculate the greatest common divisor of 12049192 and 272.
136
Calculate the greatest common factor of 639 and 8270861.
71
Calculate the greatest common factor of 2 and 454787.
1
What is the greatest common divisor of 23356908 and 288?
36
What is the highest common factor of 2080 and 17749810?
130
Calculate the greatest common factor of 1652336 and 224.
112
Calculate the greatest common factor of 1961 and 36813446.
37
What is the highest common divisor of 7925 and 600?
25
Calculate the greatest common divisor of 115080398 and 3943.
3943
What is the highest common factor of 15765388 and 7407?
823
Calculate the greatest common factor of 81 and 79454412.
27
Calculate the greatest common divisor of 55854 and 517824.
522
Calculate the highest common factor of 36 and 10617039.
9
What is the highest common factor of 3396630 and 897921?
3363
What is the greatest common divisor of 70 and 29650642?
14
What is the highest common divisor of 16468 and 7268?
92
What is the highest common factor of 2924810 and 84130?
470
What is the highest common factor of 284198360 and 4115?
4115
Calculate the greatest common factor of 4282 and 241688926.
4282
What is the highest common factor of 73443247 and 34?
17
Calculate the greatest common factor of 402 and 1896174.
6
What is the highest common divisor of 1474591650 and 105?
105
Calculate the greatest common divisor of 47244 and 778637.
127
What is the highest common divisor of 296 and 102098318?
74
Calculate the greatest common factor of 162 and 11738016.
18
Calculate the greatest common divisor of 4910412 and 312.
156
What is the highest common factor of 3640 and 14030016?
728
What is the highest common factor of 311445260 and 1220?
1220
What is the greatest common factor of 35616 and 1381184?
224
What is the highest common divisor of 443856 and 344064?
336
Calculate the greatest common divisor of 7497 and 21208131.
441
What is the highest common factor of 384 and 227824768?
128
What is the highest common divisor of 6575400 and 51900?
300
Calculate the highest common factor of 48880 and 126672.
208
What is the highest common divisor of 594201 and 31258869?
9741
Calculate the greatest common factor of 3880 and 3840715.
485
Calculate the highest common divisor of 18535853 and 4366.
2183
Calculate the greatest common divisor of 22809031 and 805.
161
Calculate the greatest common divisor of 690 and 48849884.
46
Calculate the highest common factor of 2668613 and 376.
47
Calculate the greatest common factor of 12103 and 196651.
91
Calculate the greatest common divisor of 10175 and 1435045.
185
What is the greatest common divisor of 330 and 1146694065?
165
What is the greatest common factor of 139352512 and 6656?
832
What is the greatest common divisor of 436167 and 51?
3
Calculate the highest common factor of 8688 and 2806586.
362
Calculate the greatest common factor of 1073 and 1270802.
37
Calculate the greatest common divisor of 2541 and 1881187.
847
Calculate the greatest common divisor of 22542 and 172074.
102
Calculate the highest common divisor of 594209280 and 294.
294
Calculate the greatest common factor of 50904 and 46104.
24
What is the greatest common factor of 256251394 and 246?
82
What is the highest common divisor of 12181560 and 840?
120
What is the highest common divisor of 65065 and 43615?
715
Calculate the highest common factor of 3431870 and 1690.
130
Calculate the highest common factor of 766581 and 2193.
51
What is the highest common divisor of 4984155 and 240570?
495
Calculate the highest common factor of 30534 and 111806784.
4362
Calculate the greatest common factor of 16211 and 1417624.
559
Calculate the greatest common factor of 73713046 and 1254.
418
Calculate the greatest common divisor of 1987730 and 2618355.
5045
Calculate the highest common divisor of 91 and 15134327.
13
Calculate the greatest common divisor of 320 and 909850.
10
Calculate the highest common factor of 180 and 2941236.
36
What is the highest common factor of 2679744 and 3417?
51
Calculate the highest common factor of 664760 and 128.
8
Calculate the greatest common factor of 6447 and 3850780206.
6447
Calculate the greatest common factor of 420 and 13674717.
21
What is the highest common factor of 15861 and 1014798?
51
Calculate the highest common factor of 260 and 29404540.
20
Calculate the highest common factor of 86800370 and 10.
10
What is the greatest common divisor of 26866 and 69958?
266
What is the greatest common divisor of 6363 and 14492187?
909
What is the highest common factor of 12036 and 93161?
59
What is the highest common factor of 1326 and 6218328?
102
What is the highest common factor of 491265 and 31500?
45
What is the greatest common factor of 64904 and 1587032?
152
What is the greatest common factor of 448850 and 8413?
47
What is the highest common divisor of 6733278 and 1218?
174
Calculate the greatest common factor of 906430 and 385.
35
What is the highest common divisor of 4977